{"id":4676,"date":"2023-04-27T21:58:21","date_gmt":"2023-04-27T18:58:21","guid":{"rendered":"https:\/\/celojumugids.lv\/piedavajumi\/aviobiletes-uz-tenerifi-no-vilnas\/"},"modified":"2023-04-27T21:58:28","modified_gmt":"2023-04-27T18:58:28","slug":"aviobiletes-uz-tenerifi-no-vilnas","status":"publish","type":"product","link":"https:\/\/celojumugids.lv\/?product=aviobiletes-uz-tenerifi-no-vilnas","title":{"rendered":"Aviobi\u013cetes uz Tenerifi no Vi\u013c\u0146as"},"content":{"rendered":"<div class=\"x11i5rnm xat24cr x1mh8g0r x1vvkbs xdj266r x126k92a\">\n<div dir=\"auto\"><span class=\"x3nfvp2 x1j61x8r x1fcty0u xdj266r xhhsvwb xat24cr xgzva0m xxymvpz xlup9mm x1kky2od\"><img loading=\"lazy\" decoding=\"async\" src=\"https:\/\/static.xx.fbcdn.net\/images\/emoji.php\/v9\/tb6\/1\/16\/2708.png\" alt=\"\u2708\ufe0f\" width=\"16\" height=\"16\" \/><\/span> Aviobi\u013cetes uz Tenerifi (tie\u0161ais lidojums)<\/div>\n<div dir=\"auto\">turp-atpaka\u013c no Vi\u013c\u0146as:<\/div>\n<\/div>\n<div class=\"x11i5rnm xat24cr x1mh8g0r x1vvkbs xtlvy1s x126k92a\">\n<div dir=\"auto\">Vi\u013c\u0146a-Tenerife-Vi\u013c\u0146a<\/div>\n<\/div>\n<div class=\"x11i5rnm xat24cr x1mh8g0r x1vvkbs xtlvy1s x126k92a\">\n<div dir=\"auto\">Cen\u0101 iek\u013cauts:<\/div>\n<div dir=\"auto\">tie\u0161ais lidojums, lidostas nodevas, bag\u0101\u017ea<\/div>\n<div dir=\"auto\"><\/div>\n<\/div>\n","protected":false},"excerpt":{"rendered":"<p>Aviobi\u013cetes uz Tenerifi (tie\u0161ais lidojums) turp-atpaka\u013c no Vi\u013c\u0146as: Vi\u013c\u0146a-Tenerife-Vi\u013c\u0146a Cen\u0101 iek\u013cauts: tie\u0161ais lidojums, lidostas nodevas, bag\u0101\u017ea<\/p>\n","protected":false},"featured_media":4677,"comment_status":"open","ping_status":"closed","template":"","meta":[],"store":[],"product_cat":[87],"product_tag":[],"class_list":{"0":"post-4676","1":"product","2":"type-product","3":"status-publish","4":"has-post-thumbnail","6":"product_cat-ipasas-cenas-aviobiletem","8":"first","9":"instock","10":"taxable","11":"shipping-taxable","12":"purchasable","13":"product-type-simple"},"jetpack_sharing_enabled":true,"_links":{"self":[{"href":"https:\/\/celojumugids.lv\/index.php?rest_route=\/wp\/v2\/product\/4676","targetHints":{"allow":["GET"]}}],"collection":[{"href":"https:\/\/celojumugids.lv\/index.php?rest_route=\/wp\/v2\/product"}],"about":[{"href":"https:\/\/celojumugids.lv\/index.php?rest_route=\/wp\/v2\/types\/product"}],"replies":[{"embeddable":true,"href":"https:\/\/celojumugids.lv\/index.php?rest_route=%2Fwp%2Fv2%2Fcomments&post=4676"}],"wp:featuredmedia":[{"embeddable":true,"href":"https:\/\/celojumugids.lv\/index.php?rest_route=\/wp\/v2\/media\/4677"}],"wp:attachment":[{"href":"https:\/\/celojumugids.lv\/index.php?rest_route=%2Fwp%2Fv2%2Fmedia&parent=4676"}],"wp:term":[{"taxonomy":"store","embeddable":true,"href":"https:\/\/celojumugids.lv\/index.php?rest_route=%2Fwp%2Fv2%2Fstore&post=4676"},{"taxonomy":"product_cat","embeddable":true,"href":"https:\/\/celojumugids.lv\/index.php?rest_route=%2Fwp%2Fv2%2Fproduct_cat&post=4676"},{"taxonomy":"product_tag","embeddable":true,"href":"https:\/\/celojumugids.lv\/index.php?rest_route=%2Fwp%2Fv2%2Fproduct_tag&post=4676"}],"curies":[{"name":"wp","href":"https:\/\/api.w.org\/{rel}","templated":true}]}}